 digit of ((-3605)/3)/(2010/(-79596))?
7
Let v be 2/(-9) - ((-758)/9 + 2). Let m = -71 + v. Suppose -3*l + 5*r + m + 44 = 0, -3*l + 25 = r. What is the units digit of l?
0
Let o(i) = 22*i**2 - 6*i + 9. Let q be o(6). Suppose q = 57*x - 54*x. What is the hundreds digit of x?
2
What is the tens digit of ((-15 + 16)*7 - (-86)/(-4))*-2914?
5
Let k(s) = s**2 + 3*s + 6. Let z be k(-6). Suppose 0*j - 113 = -4*j + l, 2*j - l = 55. Suppose -j*x + 645 = -z*x. What is the units digit of x?
9
Let m(v) = 3*v**3 - 4*v**2 + 7. Suppose 8*b + 23 = 7. Let q(z) = -z**3 - z**2 - z - 3. Let f be q(b). What is the units digit of m(f)?
2
Suppose -162*w + 123*w - 168*w + 1073916 = 0. What is the tens digit of w?
8
Suppose -2*f = -2*u + 19944, 29*u - 28*u + 8*f - 10017 = 0. What is the units digit of u?
7
Let f(q) = q**2 + 6*q - 11. Let y be f(2). Suppose 0 = y*b + 5*c - 1505, 0 = -4*b + b + 5*c + 919. What is the tens digit of b?
0
Let z(c) = 244*c**2 - 7*c + 23. Let n be z(4). Let k = n - 2614. What is the tens digit of k?
8
Suppose 1036834 = -210*u + 6580834. What is the hundreds digit of u?
4
What is the units digit of 7478944/2640 + 2/30?
3
Let q = -79 - -81. Suppose 0 = 4*y + q*f - 730, y + f - 94 = 91. Let i = -147 + y. What is the units digit of i?
3
Suppose 86*a = 1860435 - 10698 + 24719. What is the tens digit of a?
9
Suppose 58132 = 19*t - 49679 - 73867. What is the units digit of t?
2
Let v(j) = j**3 + 5*j**2 + 11*j + 29. Let r be v(-7). Let n(h) = -7*h**2 + 4*h + 3. Let i be n(4). Let f = i - r. What is the units digit of f?
3
Suppose 0 = -16*q + 9*q. Suppose q = 4*d + 4*d - 12376. Suppose 12*g = -5*g + d. What is the units digit of g?
1
Let j be (-130)/(-20) - 1*1/2. What is the hundreds digit of ((-7340)/(-50) + 2)/(j/20)?
4
Suppose 4 + 1 = q, j + 4*q = 27. Suppose 4*n - 5*v = 3349, -j*n + 3*v = -2*n - 4183. What is the units digit of n?
6
Let m(k) = 50*k**3 - 2*k**2 + 43*k - 355. What is the units digit of m(7)?
8
Suppose -56610 = -42*b + 25*b. Suppose -b = -2*v - 7*v. What is the units digit of v?
0
Suppose 3*x + 1659 = -0*j + 3*j, 3*j + 2*x - 1669 = 0. Let f = j - 319. Suppose 3*l + 231 = 3*q, l - 3*l = 3*q - f. What is the tens digit of q?
7
Let w = -390 - -916. Suppose -w = -5*a - 121. What is the units digit of a?
1
Let r = 138 - 158. Let q = r - -35. Suppose -4*g - p = -3*p - 794, 0 = 5*p - q. What is the tens digit of g?
0
Suppose -19*u = 13*u - 17*u - 21840. What is the hundreds digit of u?
4
Suppose -2*o + 0*s + 7514 = 3*s, -o - 4*s = -3752. What is the tens digit of o?
6
Let q = -222 - -225. Suppose 1107 = y + 2*y. Suppose -12*a + q*a + y = 0. What is the units digit of a?
1
Suppose -28 = -13*z + 6*z. Suppose -z*y + 32 = 4*y. Suppose -s + 106 = -4*x + 3*x, 460 = y*s + 5*x. What is the tens digit of s?
1
Suppose 57*f - 72325 = 46*f. Suppose f = 6*h - 2983. What is the thousands digit of h?
1
Let r be (3/(-9) - -5) + (-3)/(-9). Suppose 5*j - 1665 = g, -2*g = -r*j - 0*g + 1665. What is the hundreds digit of j?
3
Let p(d) = d + 1 - 2*d**2 + 0*d - 49*d**3 - 3. What is the hundreds digit of p(-2)?
3
Let s(v) = 2*v. Let o(r) = -r - 2. Let q(x) = -3*o(x) + s(x). Let a be q(-1). What is the hundreds digit of (-3 - a)*(8127/(-14))/9?
2
Suppose -4 = 5*j + 26. Let f(p) = 10*p**2 + 14*p + 6. What is the hundreds digit of f(j)?
2
Let j(r) = -r**3 + 12*r**2 + r - 3. Let p be j(11). Let t = 462 - p. What is the hundreds digit of t?
3
Suppose 8*t = 61824 + 12952. What is the hundreds digit of t?
3
What is the units digit of 3/((-21)/5866)*-2?
6
Suppose j = 2*k + 1 - 3, 2 = 3*k - 2*j. What is the tens digit of (k/(10/3545))/(-3 + 4)?
0
Let x = 9638 - 1026. What is the thousands digit of x?
8
Let u = 3423 - 2663. What is the units digit of u?
0
Suppose -122*p = -131*p - 2*v + 47713, 2*v + 26501 = 5*p. What is the units digit of p?
1
What is the units digit of (-4)/(-18) - (-10695461)/261?
9
Suppose 0 = 3*k - 4*x - 10 - 6, 2*x = -4*k + 58. Let n be k/(-30)*760/(-1). Suppose 23*h + n = 27*h. What is the tens digit of h?
7
Suppose 67*i = 55*i + 492. Let r = 75 + -46. Let y = i + r. What is the units digit of y?
0
Let t(u) = 134*u - 64. Let i(v) = -27*v + 13. Let l(z) = -14*i(z) - 3*t(z). Let y be l(-9). Let s = y - 96. What is the hundreds digit of s?
1
Let g(q) = -q**3 + 36*q**2 + 895*q + 32. What is the thousands digit of g(-33)?
5
Suppose -4*w + 4*c = -5*w + 5936, -11845 = -2*w + c. What is the hundreds digit of w?
9
Let w(b) = -3*b**3 - 12*b**2 - 6*b - 8. Let h be w(-3). Let q be (20/(-25))/(2/(-25)). Let c = q - h. What is the tens digit of c?
2
Let k be (-122)/(-8) + 78/104. Suppose -380 = -k*j + 1620. What is the hundreds digit of j?
1
Suppose -9*y + 40*y = -44299. What is the units digit of y/(-2) + (-9)/54*9?
3
Let x(m) = -7*m**2 - 466*m - 75. What is the thousands digit of x(-49)?
5
Let f(t) = -3*t + 25. Let s(z) = -z**2 - 3*z + 20. Let u be s(-6). Suppose 0 = -2*v + q - 11, v + 18 = -u*v + q. What is the tens digit of f(v)?
4
Let r(t) = 3*t**3 - 3*t**2 - t + 1. Let g be r(-2). Let b be 3 - -1 - 8 - g. Suppose 143 = 2*c - b. What is the tens digit of c?
8
Suppose 0 = 6*g - 12*g + 12. Let k be (-6)/(-4)*(-20)/(-6). Suppose 2*v - 47 = -k*b, -g*v + 5 = 2*b - 9. What is the units digit of b?
1
Let d = -22422 - -32674. What is the thousands digit of d?
0
Let q = 377 - 372. Suppose 7*n - 296 = -2*l + q*n, -2*l - 4*n + 300 = 0. What is the units digit of l?
6
Let k(y) be the first derivative of 985*y**4/4 + y**3 - 2*y**2 + 2*y - 46. What is the tens digit of k(1)?
8
Suppose -25*m = -27*m + 120. Let k be -1 + 8/6 + 160/m. Suppose -z = k*z - 388. What is the tens digit of z?
9
Suppose -4*c + 8810 = 13*n - 15*n, 2210 = c - 3*n. What is the hundreds digit of c?
2
Let u = 23055 - 1937. What is the units digit of u?
8
Suppose 138*u = 133*u + 1585. Suppose u = 2*f - 35. What is the tens digit of f?
7
Suppose -10*p = -49 - 61. Suppose -178 = -p*t + 4046. What is the tens digit of t?
8
Suppose -381675 = -149*k + 715412. What is the tens digit of k?
6
Suppose -3*c - 5*a + 9236 = 0, 5*c + 76*a - 15420 = 81*a. What is the hundreds digit of c?
0
Let v(r) = 21*r - 13*r**2 - 20 - 13*r**2 - 10*r**2 + 35*r**2. Let g be v(20). Suppose g = -4*m - 20, 4*d - 283 - 386 = 5*m. What is the units digit of d?
1
Let s = 977 - 992. What is the tens digit of 42168/32 - 8 - s/12?
1
Let b = -42896 - -106079. What is the hundreds digit of b?
1
Let n(o) = -4 - 753*o**3 - 80*o**3 + 61*o**3 - 3*o. What is the units digit of n(-1)?
1
Let i = -980 - -1397. Suppose a - 5*a = -w - 1632, -a - 2*w + i = 0. What is the units digit of a?
9
Suppose 1338 = l - 846. Suppose -14*x = -2*x - l. What is the tens digit of x?
8
Suppose -4*w = -9*w - 1165. Let d = 251 + w. What is the units digit of d?
8
Let f = 1169 - -2032. What is the tens digit of f?
0
Let f be 7/((-2)/8*(15 + -19)). Suppose -f*w = -1292 - 2047. What is the units digit of w?
7
Let r(x) = x**2 + 7*x - 5. Let a be r(-8). Let m be a/(6/(-3) - -3). Suppose -3*d = -j + 110, j = 2*d + m + 106. What is the units digit of j?
7
Let q(n) = 9*n - 17. Let l be q(3). What is the tens digit of 4287/5 + -2 - 4/l?
5
Let a = -252 + 375. Let w = 151 - a. Let o = 147 + w. What is the units digit of o?
5
Suppose l + l + 472 = 0. What is the units digit of l/(-10)*-12*15/(-12)?
4
Suppose 0 = 5*h + 2*m - 15786, 0 = -h + 4*h - 2*m - 9478. Suppose -4*y + h = -2*j, -6*y + 3165 = -2*y + 5*j. What is the hundreds digit of y?
7
Suppose -p + 2*p = 102. Suppose 16*c + p = 17*c. Suppose -t = -3*t + c. What is the tens digit of t?
5
Let a = 58284 + 25176. What is the tens digit of a?
6
Let n be (-1)/(-2) + 27/18. Suppose 3*g + 35*j - 1007 = 31*j, -4*j - 1324 = -4*g. Suppose -n*c - g = -5*c. What is the hundreds digit of c?
1
Let z = 6793 + -510. What is the thousands digit of z?
6
What is the thousands digit of 260/3*((-6129)/(-126))/(3/21)?
9
Let d(f) = 1258*f**2 - 7. What is the thousands digit of d(3)?
1
Suppose 218339 = -19*g + 726304. What is the hundreds digit of g?
7
Let c(j) = -71*j**3 + 2*j**2 + 7*j - 4. Suppose -57*w - 102 - 12 = 0. What is the hundreds digit of c(w)?
5
Suppose 0 = f + v - 4*v + 119, -f - 5*v = 79. Let g = f - -252. Suppose 0*y + g = 4*y. What is the units digit of y?
7
Suppose -324811 = -22*h + 172059. What is the thousands digit of h?
2
Let